late the remainder when 72 is divided by 22.
6
Calculate the remainder when 108 is divided by 22.
20
Calculate the remainder when 13439 is divided by 192.
191
Calculate the remainder when 2363 is divided by 74.
69
What is the remainder when 518 is divided by 38?
24
Calculate the remainder when 10129 is divided by 9.
4
Calculate the remainder when 80 is divided by 78.
2
What is the remainder when 2536 is divided by 43?
42
Calculate the remainder when 58 is divided by 31.
27
Calculate the remainder when 9739 is divided by 464.
459
What is the remainder when 287 is divided by 97?
93
Calculate the remainder when 1403 is divided by 74.
71
Calculate the remainder when 604 is divided by 27.
10
Calculate the remainder when 94 is divided by 7.
3
What is the remainder when 653 is divided by 211?
20
What is the remainder when 99 is divided by 35?
29
What is the remainder when 3014 is divided by 116?
114
What is the remainder when 4388 is divided by 13?
7
Calculate the remainder when 286 is divided by 60.
46
Calculate the remainder when 199 is divided by 186.
13
What is the remainder when 161 is divided by 49?
14
What is the remainder when 12296 is divided by 20?
16
What is the remainder when 295 is divided by 191?
104
What is the remainder when 1390 is divided by 4?
2
What is the remainder when 848 is divided by 236?
140
What is the remainder when 46 is divided by 7?
4
Calculate the remainder when 64 is divided by 55.
9
What is the remainder when 375 is divided by 9?
6
Calculate the remainder when 804 is divided by 203.
195
What is the remainder when 1031 is divided by 254?
15
Calculate the remainder when 2223 is divided by 96.
15
What is the remainder when 352 is divided by 90?
82
What is the remainder when 6621 is divided by 78?
69
Calculate the remainder when 1380 is divided by 116.
104
Calculate the remainder when 162 is divided by 20.
2
Calculate the remainder when 979 is divided by 98.
97
What is the remainder when 3647 is divided by 64?
63
Calculate the remainder when 18 is divided by 13.
5
What is the remainder when 482 is divided by 450?
32
What is the remainder when 87 is divided by 9?
6
What is the remainder when 6212 is divided by 1550?
12
Calculate the remainder when 114 is divided by 9.
6
What is the remainder when 98 is divided by 30?
8
What is the remainder when 683 is divided by 18?
17
Calculate the remainder when 308 is divided by 235.
73
Calculate the remainder when 47 is divided by 20.
7
Calculate the remainder when 4026 is divided by 106.
104
What is the remainder when 209 is divided by 68?
5
What is the remainder when 689 is divided by 229?
2
Calculate the remainder when 342 is divided by 41.
14
Calculate the remainder when 342 is divided by 263.
79
Calculate the remainder when 195 is divided by 51.
42
What is the remainder when 3045 is divided by 68?
53
Calculate the remainder when 49 is divided by 19.
11
What is the remainder when 846 is divided by 50?
46
Calculate the remainder when 959 is divided by 20.
19
What is the remainder when 626 is divided by 90?
86
What is the remainder when 895 is divided by 32?
31
Calculate the remainder when 58 is divided by 17.
7
What is the remainder when 1485 is divided by 6?
3
Calculate the remainder when 106 is divided by 72.
34
Calculate the remainder when 44 is divided by 13.
5
Calculate the remainder when 116 is divided by 102.
14
Calculate the remainder when 854 is divided by 17.
4
Calculate the remainder when 240 is divided by 81.
78
What is the remainder when 694 is divided by 11?
1
What is the remainder when 31 is divided by 17?
14
Calculate the remainder when 283 is divided by 113.
57
Calculate the remainder when 224 is divided by 40.
24
Calculate the remainder when 188 is divided by 35.
13
What is the remainder when 247 is divided by 115?
17
Calculate the remainder when 116 is divided by 12.
8
What is the remainder when 668 is divided by 14?
10
What is the remainder when 805 is divided by 26?
25
What is the remainder when 999 is divided by 17?
13
What is the remainder when 97 is divided by 51?
46
Calculate the remainder when 205 is divided by 11.
7
What is the remainder when 977 is divided by 99?
86
What is the remainder when 306 is divided by 69?
30
What is the remainder when 21 is divided by 3?
0
Calculate the remainder when 1065 is divided by 44.
9
What is the remainder when 309 is divided by 31?
30
What is the remainder when 397 is divided by 67?
62
Calculate the remainder when 272 is divided by 32.
16
Calculate the remainder when 1230 is divided by 77.
75
Calculate the remainder when 23 is divided by 7.
2
Calculate the remainder when 3811 is divided by 31.
29
What is the remainder when 990 is divided by 486?
18
What is the remainder when 1141 is divided by 143?
140
What is the remainder when 2957 is divided by 984?
5
What is the remainder when 1565 is divided by 173?
8
What is the remainder when 3239 is divided by 131?
95
What is the remainder when 91 is divided by 32?
27
Calculate the remainder when 687 is divided by 94.
29
Calculate the remainder when 85 is divided by 20.
5
Calculate the remainder when 105 is divided by 55.
50
Calculate the remainder when 103 is divided by 35.
33
Calculate the remainder when 966 is divided by 318.
12
Calculate the remainder when 1623 is divided by 4.
3
What is the remainder when 182 is divided by 25?
7
Calculate the remainder when 508 is divided by 131.
115
Calculate the remainder when 311 is divided by 59.
16
What is the remainder when 887 is divided by 27?
23
Calculate the remainder when 342 is divided by 56.
6
What is the remainder when 3114 is divided by 15?
9
Calculate the remainder when 838 is divided by 379.
80
What is the remainder when 537 is divided by 12?
9
What is the remainder when 257 is divided by 43?
42
Calculate the remainder when 229 is divided by 77.
75
Calculate the remainder when 2495 is divided by 2473.
22
What is the remainder when 536 is divided by 138?
122
What is the remainder when 637 is divided by 64?
61
Calculate the remainder when 548 is divided by 22.
20
Calculate the remainder when 766 is divided by 187.
18
Calculate the remainder when 4154 is divided by 27.
23
Calculate the remainder when 529 is divided by 106.
105
What is the remainder when 353 is divided by 33?
23
Calculate the remainder when 85 is divided by 8.
5
Calculate the remainder when 2371 is divided by 198.
193
Calculate the remainder when 201 is divided by 106.
95
Calculate the remainder when 93 is divided by 11.
5
Calculate the remainder when 2999 is divided by 18.
11
What is the remainder when 2197 is divided by 22?
19
What is the remainder when 824 is divided by 210?
194
Calculate the remainder when 3405 is divided by 24.
21
What is the remainder when 96 is divided by 34?
28
What is the remainder when 791 is divided by 260?
11
What is the remainder when 225 is divided by 26?
17
Calculate the remainder when 562 is divided by 94.
92
Calculate the remainder when 64 is divided by 19.
7
What is the remainder when 1868 is divided by 156?
152
What is the remainder when 187 is divided by 79?
29
Calculate the remainder when 494 is divided by 48.
14
What is the remainder when 146 is divided by 75?
71
Calculate the remainder when 27345 is divided by 29.
27
Calculate the remainder when 429 is divided by 139.
12
Calculate the remainder when 28 is divided by 5.
3
Calculate the remainder when 786 is divided by 22.
16
Calculate the remainder when 137 is divided by 14.
11
Calculate the remainder when 423 is divided by 108.
99
Calculate the remainder when 260 is divided by 45.
35
What is the remainder when 223 is divided by 124?
99
Calculate the remainder when 86 is divided by 29.
28
Calculate the remainder when 320 is divided by 28.
12
What is the remainder when 267 is divided by 28?
15
Calculate the remainder when 65 is divided by 34.
31
Calculate the remainder when 207 is divided by 76.
55
What is the remainder when 1375 is divided by 328?
63
Calculate the remainder when 611 is divided by 304.
3
Calculate the remainder when 377 is divided by 6.
5
Calculate the remainder when 58274 is divided by 15.
14
Calculate the remainder when 108 is divided by 25.
8
What is the remainder when 1272 is divided by 58?
54
What is the remainder when 49 is divided by 38?
11
Cal